{"id":253,"date":"2018-09-04T16:45:07","date_gmt":"2018-09-04T14:45:07","guid":{"rendered":"http:\/\/croque-lena.com\/?page_id=253"},"modified":"2020-01-15T18:25:59","modified_gmt":"2020-01-15T17:25:59","slug":"foodtruck","status":"publish","type":"page","link":"https:\/\/croque-lena.com\/index.php\/foodtruck\/","title":{"rendered":"Food Truck"},"content":{"rendered":"<p>\u00c9v\u00e9nements petits ou grands, le food truck de <strong>Croque Lena<\/strong> est l\u00e0 pour r\u00e9galer tous les gourmands !<\/p>\n<p>Mariages, lendemains de mariage, vernissages, festivals, caterings&#8230;<\/p>\n<p><img decoding=\"async\" loading=\"lazy\" class=\"alignright wp-image-238 size-full\" src=\"http:\/\/croque-lena.com\/wp-content\/uploads\/2018\/09\/camion.jpg\" alt=\"\" width=\"960\" height=\"720\" srcset=\"https:\/\/croque-lena.com\/wp-content\/uploads\/2018\/09\/camion.jpg 960w, https:\/\/croque-lena.com\/wp-content\/uploads\/2018\/09\/camion-300x225.jpg 300w, https:\/\/croque-lena.com\/wp-content\/uploads\/2018\/09\/camion-768x576.jpg 768w\" sizes=\"(max-width: 960px) 100vw, 960px\" \/><\/p>\n<p>&nbsp;<\/p>\n<p>&nbsp;<\/p>\n<p><strong><u>Quelques exemples de partenariat:<\/u><\/strong><\/p>\n<p>Th\u00e9\u00e2tre des 4 saisons Gradignan (33)<\/p>\n<p>Mairie de Gradignan (33)<\/p>\n<p>Cin\u00e9mas en plein air Gradignan (33)<\/p>\n<p>Lire en poche Gradignan (33)<\/p>\n<p>F\u00eate des bateaux en bois Chantiers Tramasset Le Tourne (33)<\/p>\n<p>F\u00eate de la musique Le Tourne (33)<\/p>\n<p>Festival Musicalarue Luxey (40)<\/p>\n<p>Festival des Hauts de Garonne<\/p>\n<p>Association \u00e9tudiante OSB IV<\/p>\n<p>CROUS de Bordeaux<\/p>\n<p>Continental Productions<\/p>\n<p>&nbsp;<\/p>\n<p>&nbsp;<\/p>\n<p>&nbsp;<\/p>\n<p>&nbsp;<\/p>\n<p>&nbsp;<\/p>\n<p>&nbsp;<\/p>\n","protected":false},"excerpt":{"rendered":"<p>\u00c9v\u00e9nements petits ou grands, le food truck de Croque Lena est l\u00e0 pour r\u00e9galer tous les gourmands ! Mariages, lendemains de mariage, vernissages, festivals, caterings&#8230; &nbsp; &nbsp; Quelques exemples de partenariat: Th\u00e9\u00e2tre des 4 saisons Gradignan (33) Mairie de Gradignan (33) Cin\u00e9mas en plein air Gradignan (33) Lire en poche Gradignan (33) F\u00eate des bateaux &hellip; <\/p>\n<p class=\"link-more\"><a href=\"https:\/\/croque-lena.com\/index.php\/foodtruck\/\" class=\"more-link\">Read More<span class=\"screen-reader-text\"> \u00ab\u00a0Food Truck\u00a0\u00bb<\/span><\/a><\/p>\n","protected":false},"author":1,"featured_media":0,"parent":0,"menu_order":0,"comment_status":"closed","ping_status":"closed","template":"","meta":[],"_links":{"self":[{"href":"https:\/\/croque-lena.com\/index.php\/wp-json\/wp\/v2\/pages\/253"}],"collection":[{"href":"https:\/\/croque-lena.com\/index.php\/wp-json\/wp\/v2\/pages"}],"about":[{"href":"https:\/\/croque-lena.com\/index.php\/wp-json\/wp\/v2\/types\/page"}],"author":[{"embeddable":true,"href":"https:\/\/croque-lena.com\/index.php\/wp-json\/wp\/v2\/users\/1"}],"replies":[{"embeddable":true,"href":"https:\/\/croque-lena.com\/index.php\/wp-json\/wp\/v2\/comments?post=253"}],"version-history":[{"count":19,"href":"https:\/\/croque-lena.com\/index.php\/wp-json\/wp\/v2\/pages\/253\/revisions"}],"predecessor-version":[{"id":418,"href":"https:\/\/croque-lena.com\/index.php\/wp-json\/wp\/v2\/pages\/253\/revisions\/418"}],"wp:attachment":[{"href":"https:\/\/croque-lena.com\/index.php\/wp-json\/wp\/v2\/media?parent=253"}],"curies":[{"name":"wp","href":"https:\/\/api.w.org\/{rel}","templated":true}]}}